digit of (1/(-2))/(1/(-68))?
4
Let s be -1 + -3 + 1 + 0. Suppose -3 = -2*o + o. What is the tens digit of -1 + s + o + 16?
1
Let x(i) = -2*i**2 + i - 1. Let r be x(1). What is the units digit of 1*(-3)/(-1 + r)?
1
Let t be (2/6)/(2/66). Suppose -a + 0*j = -2*j + 6, 2*j - 12 = 2*a. Let f = t + a. What is the units digit of f?
5
Let q(l) = l**2 + l. What is the units digit of q(4)?
0
Let h be (9/6)/((-2)/36). What is the units digit of (-1 - h)*(-7)/(-7)?
6
Suppose 0 = -2*c - c. Suppose c = -3*p + p - 10. What is the units digit of p*(12/(-10) - -1)?
1
Suppose -n = 8 - 11. Suppose -4*k - 12 = -4. Let m = k + n. What is the units digit of m?
1
Let q(j) = 2*j - 7. Let w be q(5). Suppose 21 = -w*b - 0*b. Let u = -1 - b. What is the units digit of u?
6
Suppose -7*z = -4*z - 18. What is the units digit of (-56)/(z/(-3)) + -3?
5
Let o(c) = -c**3 - 3*c**2 + 4*c + 6. Suppose 2*j + 12 = -j. Let b be o(j). Let p(d) = -d + 10. What is the units digit of p(b)?
4
Suppose 0 = 5*i - i + 12. What is the units digit of 6/(1/(-3)*i)?
6
Let w(u) be the second derivative of -u**5/20 - 7*u**4/12 + 3*u**3/2 + 5*u**2 - 2*u. What is the units digit of w(-8)?
2
Suppose 4*v + 15 = 5*d, -v + 5*d = 3*d. Let u(w) = -2*w + 17. What is the tens digit of u(v)?
3
What is the units digit of (-40)/(-3)*(-27)/(-36)?
0
Let z(r) = -7*r - 1. Let x be z(1). Let p(k) = 3*k**2 - 15*k - 15. Let f(a) = -5*a**2 + 23*a + 23. Let m(i) = x*p(i) - 5*f(i). What is the units digit of m(-6)?
1
Let d(b) = -b**2 - 6*b + 8. Suppose -v + 24 = -5*v. Let w be d(v). Suppose -w = -4*h - 0. What is the units digit of h?
2
Let a(q) = q**2 - 8*q + 11. Let b be (-6)/4*-2 + 7. What is the units digit of a(b)?
1
Let v be (-2)/(20/(-12) + 1). Suppose 5*m = -2*b + 21, -2*m = -v*b - 26 + 10. What is the units digit of m?
5
Suppose 4*p - 5 = 39. What is the tens digit of p?
1
Let r be -2*(1 + 0) - 30. Let i = 59 + r. What is the tens digit of i?
2
Let x(n) = -22*n**2 + 4*n + 6. Let j be x(-8). Let c be j/(-18) + 4/(-6). Suppose 0 = f + 5*v - 10, -5*v + v = -5*f + c. What is the tens digit of f?
1
Let g(c) be the second derivative of 1/2*c**4 + 0 + 3/2*c**2 + 0*c**3 - 2*c - 1/20*c**5. What is the units digit of g(6)?
3
Suppose -3*p = -2*a - 176, -5*p + 118 = a - 158. What is the units digit of p?
6
Let o = 109 - 21. Let g = o - 60. What is the tens digit of g?
2
Suppose 5*u = 3*k - 219 - 242, -5*u - 755 = -5*k. What is the hundreds digit of k?
1
Let w(x) = 92*x - 1. What is the tens digit of w(1)?
9
Let r be 8 - 4*2/4. Let s be (-4)/r + (-14)/(-3). Suppose -2*b - 6 = s*q, -3*b + 5*q + 26 = 4*q. What is the units digit of b?
7
Suppose y = 5*w + 32, -4*y = -0*w + w - 23. Let u(f) = -f**3 + 6*f**2 + 9*f + 1. What is the tens digit of u(y)?
1
Let b(v) = -6*v**2 + 8*v + 3. Let o(d) = d**2. Let c(j) = -b(j) - 4*o(j). What is the units digit of c(6)?
1
Suppose -2*z + 3 + 3 = 0. Let m(r) = 11*r**2 - 4 + z - r + r. What is the tens digit of m(-1)?
1
Let j(b) = b**3 - 4*b**2 + 2*b + 3. Let v be (-44)/(-10) - (-12)/(-30). What is the units digit of j(v)?
1
Let f = -20 + 108. What is the tens digit of f?
8
Suppose 4*q - 2*d + 72 = 6*q, 5*d + 58 = 2*q. What is the tens digit of q?
3
Suppose 0 = 2*s + 2 - 4. Let f(g) = g - 1. Let r be f(s). Suppose r = -c - 5*z - 12, 4*z = c + 3*z - 12. What is the units digit of c?
8
Let k(p) = -2*p + 20. What is the tens digit of k(-16)?
5
Suppose -3*x - 3*b + 30 = -30, b = 5. What is the tens digit of x?
1
Suppose l = 1 + 11. Let g = l - 6. What is the units digit of g?
6
Let k(r) = r**2 + 14*r + 59. What is the hundreds digit of k(-19)?
1
Let p(g) = g**2 - 3*g + 14*g + 2 - 6*g. What is the units digit of p(-6)?
8
What is the tens digit of (0 - -76)*4/16?
1
Suppose -4*c = -0*c - 84. What is the tens digit of c?
2
Let h = 294 + 156. What is the tens digit of h?
5
Let n(q) = 3*q**2 + q - 1. Let v be n(2). Let h = v + 4. What is the tens digit of h?
1
Suppose d = -2*r + r - 56, -r - 2 = 0. Let y = d - -82. What is the units digit of y?
8
Suppose -x + 6*x - 260 = 0. What is the units digit of x?
2
What is the units digit of (62 + -224)*(1 + (-4)/2)?
2
Let m(c) = -6*c + 1. Let t(p) = -6*p + 1. Let b(g) = -3*m(g) + 4*t(g). What is the units digit of b(-4)?
5
Suppose u + 3 = 4*f, -f - 2*f = -u - 1. Let x(a) = 2*a**2 + 2. Let r be x(f). Suppose 2*d + 4*o - r = 0, 0*d + 14 = 5*d - o. What is the units digit of d?
3
Let j(v) = v**2 - 14*v + 3. Let z be j(14). Let f = 9 - z. What is the units digit of f?
6
Suppose 47*c - 44*c = 177. What is the tens digit of c?
5
What is the units digit of -4 - -7 - 128/(-2)?
7
Let g(x) = -3*x - 3 + 4*x - 3*x. Let m be g(-2). What is the units digit of (4 - 2) + m + 15?
8
What is the units digit of ((1 - -1) + -4)*20/(-1)?
0
Let t(l) = -32*l. Let h be t(-1). Let c be (1/2)/((-2)/h). What is the units digit of (20/16)/((-2)/c)?
5
Let z(w) = w**2 - 4*w + 6. Suppose -3*y = 2*y - 2*p - 38, 5*y - 46 = 4*p. Let b be z(y). Suppose 3*u - b + 3 = 0. What is the units digit of u?
5
Suppose -y = y. Suppose h - 54 = -3*d, y = 4*d - 2*h - 2*h - 72. What is the units digit of d?
8
Let p be 12 + 1*0/(-1). What is the units digit of (-2)/p + (-595)/(-42)?
4
Suppose 4*a + 133 = 3*l + 2*l, 2*l - 4*a - 46 = 0. Let o = l - 17. What is the tens digit of o?
1
Let p be (1/2)/((-1)/(-72)). Suppose 5*w = -2*o + w + 4, 2*o - 4*w - p = 0. What is the units digit of (16/(-10))/((-2)/o)?
8
Let g(c) = -c + 6. Let d be g(4). Suppose -20 = d*a - a. Let z = -6 - a. What is the tens digit of z?
1
Let o be (-72)/(-12)*(3 - 1). Suppose 7*c + 230 = o*c. What is the tens digit of c?
4
Let i(s) = 3*s**3 - 3*s**2 - s - 1. Suppose -2*j + 6 = -0*j. What is the tens digit of i(j)?
5
Suppose -r + 830 = 4*r - 3*l, -4*r + 672 = -4*l. What is the units digit of r?
3
Let y(a) = -a**2 + 13. Suppose -h + 21 = 3*n - 0*h, -n = -4*h - 7. Let c = 7 - n. What is the units digit of y(c)?
3
Let k = 37 + -3. What is the tens digit of k?
3
Let w = 5 + 133. What is the tens digit of w?
3
Suppose -2*k = 2*k - 124. Suppose -2*r + 5 + k = 0. What is the units digit of r?
8
Let s = -198 - -306. What is the units digit of s?
8
Let k(f) be the second derivative of -f**4/12 + 2*f**2 - 4*f. Let d be k(-5). Let s = -12 - d. What is the units digit of s?
9
Suppose 2*a - 4*a = 0. What is the tens digit of 14 - 1 - (a - 3)?
1
Let n(j) = -j**2 - 2*j + 4. What is the units digit of n(-3)?
1
Let z be (-1)/6 - (-152)/48. Suppose z*a + 38 = -1. Let c = 32 + a. What is the tens digit of c?
1
Let b = -23 - -65. What is the units digit of b?
2
Let f(s) = -3*s - 1. Let r be f(-1). Suppose -36 - r = -2*m. Let x = m + -6. What is the units digit of x?
3
Let j be 8 - 1 - (3 - 0). Suppose 52 = -j*m + 8*m - 4*l, -m = 3*l - 1. What is the tens digit of m?
1
Let s(a) = -3*a**2 + 9*a. Let v(z) = 2*z**2 - 4*z. Let i(l) = 4*s(l) + 7*v(l). What is the tens digit of i(-6)?
2
What is the units digit of 8*5/(-2)*(-44)/40?
2
Suppose 8 = 5*x - 2. Suppose -x*k = -0*k - 58. Let j = k - 20. What is the units digit of j?
9
Let d be (-8)/(-4)*10/4. Let g = 2 - -6. Suppose 6*l - g = i + 4*l, 2*l = d*i. What is the units digit of i?
2
Suppose 8 = 5*o - 2*q + 3*q, -3*o - 2*q = -9. Let m be (-8)/(-8) + (5 - o). Suppose -m*a + 16 = -29. What is the units digit of a?
9
Suppose 6*p - p = 0. Suppose 13 = -p*n + n. What is the units digit of n?
3
What is the tens digit of 3/(-2)*294/(-9)?
4
Let k(s) be the second derivative of -s**6/240 - s**5/40 + s**4/12 - 2*s. Let c(w) be the third derivative of k(w). What is the units digit of c(-2)?
3
Suppose -r = -5*r - 4. What is the units digit of (9 - 2)/(2 + r)?
7
Suppose -3*v - 18 = -6*v. Suppose h - 26 = 3*z - v*z, -5*h + 70 = 3*z. What is the tens digit of h?
1
Let x(s) = 7*s - 12. Let w(j) = j**3 - 6*j**2 - 7*j + 4. Let m be w(7). What is the units digit of x(m)?
6
Let z(x) = x**3 + x**2 - x + 1. Let s be z(1). Suppose 0*v - 66 = -2*t - 5*v, -s*v - 38 = -2*t. What is the tens digit of t?
2
Let f = -72 - -119. What is the tens digit of f?
4
Let g = 416 + -220. What is the tens digit of g?
9
What is the tens digit of (50/(-1))/((15/(-10))/3)?
0
Let v(b) = 4*b**2 - 3*b + 17. What is the units digit of v(-6)?
9
Let d = -4 - -7. Let o(q) = -q**3 - 6*q**2 + 7*q. Let v be o(-7). Suppose v + 9 = d*t. What is the units digit of t?
3
Le